 m(p) = -p**2 + 1. Let c be m(-1). Suppose -3*y + 12 + 0 = c. Suppose -23 = -y*l + 5. What are the prime factors of l?
7
Let l(d) be the first derivative of -d**3/3 + 2*d**2 + d + 2. List the prime factors of l(3).
2
Suppose 2*u = -z + 7*u + 13, -3*u - 63 = -3*z. Let q = 25 - z. What are the prime factors of q?
2
Let f(c) = -c**3 + c + 4. Let v be f(0). Let n = -62 - 4. List the prime factors of v/14 - n/14.
5
Let j = 148 + 21. List the prime factors of j.
13
Let g be -1*(-1 - -2 - 1). Suppose -t + 4*t + 15 = g. Let w = 0 - t. What are the prime factors of w?
5
Suppose -u - 5*i = -12, 2*u = i - 5*i + 12. Let w = u - -12. List the prime factors of w.
2, 7
Suppose 0 = -3*b + 6*b + 4*m + 68, -5*b - 75 = -m. Let u = 18 + b. What are the prime factors of u?
2
Let b = -59 + 66. Suppose 6*t - 16 = 5*t. Suppose 3*c = b*c - t. List the prime factors of c.
2
Let j be 0 + (-1 + -2 - -5). Suppose 2*u + 9 = 3*b, 3 = 4*b - 3*b - j*u. Suppose -5*m = -25, b*m - 32 = -k - 0*k. List the prime factors of k.
17
Suppose -3*s = -0*s + 6. Let i = s - -5. Suppose 20 = -4*p, -5*b - i*p = -7*p - 35. What are the prime factors of b?
3
List the prime factors of ((0 - 1) + 2)*23.
23
Suppose -5*w = -3*i - 12, 4*i = w - 4*w + 13. Let g = -1 + i. List the prime factors of -1 - (1 + -10) - g.
2
Suppose 111 = -3*h - 267. Let c = -86 - h. What are the prime factors of c?
2, 5
Let p be (2 + 4/16)*-4. List the prime factors of p/(-3) + (20 - 0).
23
Let s be (2 - (2 + -3)) + -3. Suppose -m + 4 = -r - s, 4*r = 2*m - 12. List the prime factors of m.
2
Let a(v) = -2*v**3 + 5*v**2 - 5*v - 5. Let g(z) = z**3 - 5*z**2 + 4*z + 4. Let o(x) = -2*a(x) - 3*g(x). List the prime factors of o(-5).
2
Let i = -37 - -55. Suppose 0*a - 2*a + i = 0. What are the prime factors of a?
3
Let p(x) = -x**3 + 9*x**2 - 8*x + 4. Let o be p(8). Suppose 4*j - 2*j = -o*h + 32, 3*h - 38 = -5*j. List the prime factors of h.
2, 3
Let b = -24 + 28. What are the prime factors of b?
2
Let q be 6 - 6 - (-3 + 0). Let v(d) = -4*d + 3*d + q*d**2 - d. What are the prime factors of v(-2)?
2
Suppose -45 = i - 2*i. List the prime factors of i.
3, 5
Suppose 4*k - 12 = -2*k. Suppose -k*j = -6*j + 64. List the prime factors of j.
2
Let p be ((-6)/(-8))/(1/4). Let d = 111 + -205. List the prime factors of d/(-8) + p/(-4).
11
Suppose -7*j = -6*j - 4. Suppose -j = -l - 3. Suppose -13 = 5*a + 3*f - 40, a = f - l. What are the prime factors of a?
3
Let a = -4 + -41. Let m = a - -65. Suppose m - 48 = -4*q. List the prime factors of q.
7
Let w = 13 + -4. Let z be ((-6)/w)/(4/(-30)). Suppose -3*q + 2*q = -z. List the prime factors of q.
5
Let q be 3*(-3 + 1)/(-2). Suppose -q*k + k = -4*v - 58, -5*k = -2*v - 121. What are the prime factors of k?
23
Suppose 2*d = g - 260, -d = 4*g - 0*d - 1031. List the prime factors of g.
2, 3, 43
Suppose 2*u = 2, 3*c - 2*u - 150 = -c. What are the prime factors of c?
2, 19
What are the prime factors of (-15)/(-6) - (-3)/2?
2
Let w = 94 + -38. List the prime factors of w.
2, 7
List the prime factors of (-1476)/(-30) - 8/(-10).
2, 5
Suppose -4*d - 2 = b, -4*d = 3*b + d - 8. List the prime factors of (-590)/(-40) + b/(-8).
2, 7
Let q(o) = -o. Let r be (-9)/(-2)*24/9. Suppose -r = 4*n + 12. List the prime factors of q(n).
2, 3
Let x(u) = -u**3 - u**2 - u. Let n be x(-1). Suppose n - 9 = 2*w - 4*a, -5*w - 3*a + 45 = 0. What are the prime factors of (-17)/(-2) - (-9)/w?
2, 5
Let w(u) = -u**3 - 3*u**2 - u. List the prime factors of w(-3).
3
Let u(l) = l**3 + 12*l**2 - 4*l - 18. Let g(f) = f**3 - 7*f**2 - 10*f + 4. Let z be g(8). What are the prime factors of u(z)?
2, 3, 5
Let h = 4 - 4. Suppose -c - 4*c + 45 = h. What are the prime factors of c?
3
Let b(m) = m**3 + 7*m**2 - 2*m - 5. What are the prime factors of b(-4)?
3, 17
Let m(b) = 2*b - 4. Let v be m(8). Suppose 2*o + o = v. List the prime factors of o.
2
Let m(y) = y**2 - 20*y + 19. Let c be m(19). Let z = 72 - 47. Suppose c = -5*p - z, -4*v + 5*p + 65 = -0*p. List the prime factors of v.
2, 5
Suppose 8 + 85 = 3*d + 2*f, -f = 0. Let l = d - 13. Suppose 0 = -2*a - 3*i + l, 5 = 4*i - 3. List the prime factors of a.
2, 3
Suppose 101*c = 103*c - 284. List the prime factors of c.
2, 71
Let x(k) = -k**2 + 6*k + 10. Let r be x(7). Suppose 8*j + 295 = r*j. List the prime factors of j/(-5) + 2/10.
2, 3
Suppose -3*k + 9 = 0, 2*m = m + 3*k. List the prime factors of m.
3
Let d(l) be the second derivative of l**5/20 - l**4/6 + l**3/6 + 2*l**2 + l. Let z(x) = x**3 + 6*x**2 + 5*x + 3. Let w be z(-5). List the prime factors of d(w).
2
Suppose 0*v = 4*v - 180. What are the prime factors of v?
3, 5
Suppose -5*x = 2*z - 21, -5*z + 30 = 5*x - 0. Suppose -13 = -l - l + 3*p, 4*l = x*p + 23. What are the prime factors of l?
5
Suppose -184 = -5*i - 64. List the prime factors of i.
2, 3
Let l(w) = w + 8. Let t be l(-7). Suppose 5*p - 4*p = -t. Let n = 18 + p. What are the prime factors of n?
17
List the prime factors of (-13)/26 - 111/(-2).
5, 11
Suppose 1 = -0*q - q. Let l(f) = -f - 1. Let x(h) = -11. Let o(v) = q*x(v) - l(v). List the prime factors of o(-8).
2
Let a(l) = -l**2 + 18. What are the prime factors of a(0)?
2, 3
Let n(j) = -j**3 + j**2 - 2*j + 1. What are the prime factors of n(-2)?
17
Suppose u = 6 + 3. Let x(a) = -2*a + 9 + a + 2*a + 4. List the prime factors of x(u).
2, 11
Let f be 6/8 + 10/8. Suppose u - 24 = f. What are the prime factors of u?
2, 13
Let d(o) = -o**2 + o - 2. Let h be d(0). Let n(a) = -2*a**3 - 3*a**2 - 3*a - 1. List the prime factors of n(h).
3
Suppose 0 = -3*t + 6*t - 240. Suppose 3*f + 1 = 2*i - 37, -4*i + t = -4*f. List the prime factors of i.
2, 11
Let a = -55 + 148. What are the prime factors of a?
3, 31
Let o = -73 - -232. List the prime factors of o.
3, 53
Suppose 4*y = 2*k - 14, -7 = 3*k + 2*k + 4*y. What are the prime factors of -1 - k - (3 + -16)?
11
Let s = -12 + 14. Let p be 1/2 - (-58)/4. Suppose g = -s*g + p. List the prime factors of g.
5
Let f = 26 - 16. Suppose 0*b = b - f. What are the prime factors of b?
2, 5
Let j be (331 - 3)/2 - -2. Suppose 2*a = 6*a - 2*i - j, -i = -3*a + 122. What are the prime factors of a?
3, 13
What are the prime factors of 10/1*-1*62/(-4)?
5, 31
Suppose 0 = -7*q + 9*q - 6. What are the prime factors of q?
3
Suppose 2*s - k = 4*k + 148, -3*k = 12. What are the prime factors of s?
2
Let j(u) = u + 7. What are the prime factors of j(7)?
2, 7
Suppose -c = -11 - 4. Let u = c + -4. What are the prime factors of u?
11
Let x(j) = 4*j - 1. Let f be x(4). Let h be f/(-2)*(-12)/15. Suppose 2 = -d + h. What are the prime factors of d?
2
Suppose -2*z - z - 2*k + 52 = 0, -z = -k - 14. Let h = -5 + z. What are the prime factors of h?
11
Let v = -6 + 8. List the prime factors of v.
2
Let o(t) = -t**2 + 15*t - 6. Let u be o(5). Suppose 0*s = 2*s - u. What are the prime factors of s?
2, 11
Suppose 6*d = d + 3*f + 158, -26 = -d - 5*f. What are the prime factors of d?
31
Suppose 3*s - 3 = w, -3*s - w = -s - 7. Suppose 2*q + s*q = 120. List the prime factors of q.
2, 3, 5
Suppose 0 + 18 = 3*r. Let k be 25/15 - (-2)/(-3). What are the prime factors of k*r*(-3)/(-6)?
3
Suppose 7 = -4*v - 5*h, 4*h = -h - 15. List the prime factors of 4/(-8) - (-29)/v.
2, 7
Suppose -4*y - 5*t + 830 = 0, t + 3 - 1 = 0. What are the prime factors of y?
2, 3, 5, 7
Let b(a) = a**3 + 2*a**2 - 3. Let f be b(-3). What are the prime factors of ((-63)/f)/(18/96)?
2, 7
Suppose 0 = -u - 4*s + 25, u - 3 = 3*s - 13. Suppose 4*g + 0 = 4*c + 40, 0 = u*c - 20. What are the prime factors of g?
2, 7
List the prime factors of (-9)/(-18) + (-2)/(8/(-526)).
2, 3, 11
Suppose 0 = -3*h + 5*h. Suppose 0 = -2*a - h*c - 2*c + 46, 0 = -a - 5*c + 19. What are the prime factors of a?
2, 3
Let z(p) = -p**3 + 5*p - 1. Let u(o) = o**3 - o**2 - 5*o. Let l(t) = -4*u(t) - 3*z(t). Let h be l(5). Suppose 30 = -0*d + h*d. List the prime factors of d.
2, 5
Let q = 2 - 3. Let l be 24/(2 - (-1)/q). Suppose -2*x = -t + 3*t, l = 4*t - 4*x. List the prime factors of t.
3
Let x = -4 + 6. Let r be (-28)/8 - 1/x. What are the prime factors of (-30)/r*(-8)/(-6)?
2, 5
Let q be (-3)/((-1)/(-1)) + 0. Let o = q + 7. Suppose -i = -5*a + 15, a - o*i = -a - 12. List the prime factors of a.
2
Let c(y) = 2*y + 2. Let b(h) = 3*h + 3. Let q(r) = -4*b(r) + 5*c(r). Let i be q(-3). Suppose -i*x +